inder when 42836 is divided by 1298.
2
Calculate the remainder when 932 is divided by 264.
140
What is the remainder when 10736 is divided by 5364?
8
Calculate the remainder when 9509 is divided by 45.
14
Calculate the remainder when 11504 is divided by 267.
23
What is the remainder when 4316 is divided by 461?
167
Calculate the remainder when 852 is divided by 88.
60
What is the remainder when 3635 is divided by 35?
30
Calculate the remainder when 48967 is divided by 48919.
48
What is the remainder when 73385 is divided by 3862?
7
Calculate the remainder when 18200 is divided by 2971.
374
Calculate the remainder when 24196 is divided by 37.
35
What is the remainder when 571 is divided by 144?
139
Calculate the remainder when 1804 is divided by 330.
154
Calculate the remainder when 1374 is divided by 46.
40
Calculate the remainder when 13387 is divided by 6605.
177
Calculate the remainder when 4640 is divided by 211.
209
Calculate the remainder when 36950 is divided by 11985.
995
What is the remainder when 90 is divided by 18?
0
Calculate the remainder when 2301 is divided by 273.
117
Calculate the remainder when 59668 is divided by 214.
176
Calculate the remainder when 3285 is divided by 3281.
4
What is the remainder when 480049 is divided by 86?
83
What is the remainder when 3825 is divided by 657?
540
What is the remainder when 555 is divided by 539?
16
What is the remainder when 14777 is divided by 813?
143
Calculate the remainder when 846 is divided by 371.
104
What is the remainder when 70135 is divided by 21?
16
What is the remainder when 56478 is divided by 40?
38
What is the remainder when 695375 is divided by 45?
35
Calculate the remainder when 140966 is divided by 534.
524
What is the remainder when 522011 is divided by 41?
40
Calculate the remainder when 34249 is divided by 25.
24
Calculate the remainder when 1469 is divided by 56.
13
What is the remainder when 15844 is divided by 233?
0
What is the remainder when 21941 is divided by 399?
395
What is the remainder when 3881 is divided by 3861?
20
Calculate the remainder when 987642 is divided by 98764.
2
Calculate the remainder when 1181 is divided by 1136.
45
What is the remainder when 111805 is divided by 55885?
35
What is the remainder when 20557 is divided by 27?
10
What is the remainder when 550851 is divided by 11?
4
What is the remainder when 4513 is divided by 997?
525
Calculate the remainder when 817072 is divided by 1.
0
Calculate the remainder when 12665 is divided by 1161.
1055
Calculate the remainder when 260 is divided by 11.
7
What is the remainder when 5874 is divided by 111?
102
What is the remainder when 2361 is divided by 2305?
56
What is the remainder when 34181 is divided by 6?
5
What is the remainder when 6235 is divided by 6170?
65
What is the remainder when 3289 is divided by 1001?
286
Calculate the remainder when 3266 is divided by 324.
26
Calculate the remainder when 147575 is divided by 1069.
53
What is the remainder when 201208 is divided by 131?
123
What is the remainder when 113599 is divided by 28399?
3
What is the remainder when 17965 is divided by 23?
2
Calculate the remainder when 11062 is divided by 5525.
12
What is the remainder when 1014632 is divided by 18?
8
Calculate the remainder when 210715 is divided by 20.
15
What is the remainder when 931959 is divided by 20?
19
What is the remainder when 1792037 is divided by 631?
628
What is the remainder when 1489 is divided by 24?
1
Calculate the remainder when 164751 is divided by 40.
31
What is the remainder when 333765 is divided by 1644?
33
What is the remainder when 363 is divided by 6?
3
What is the remainder when 88754 is divided by 57?
5
What is the remainder when 26619 is divided by 77?
54
What is the remainder when 8971 is divided by 33?
28
Calculate the remainder when 8725 is divided by 174.
25
Calculate the remainder when 19220 is divided by 135.
50
What is the remainder when 1915 is divided by 802?
311
What is the remainder when 552906 is divided by 64?
10
What is the remainder when 37583 is divided by 67?
63
What is the remainder when 125221 is divided by 34?
33
Calculate the remainder when 4230 is divided by 10.
0
Calculate the remainder when 10341 is divided by 10.
1
Calculate the remainder when 611 is divided by 279.
53
Calculate the remainder when 159584 is divided by 15958.
4
What is the remainder when 4599669 is divided by 634?
633
Calculate the remainder when 96033 is divided by 4363.
47
What is the remainder when 134518 is divided by 76?
74
Calculate the remainder when 91914 is divided by 11.
9
What is the remainder when 15073 is divided by 9?
7
Calculate the remainder when 8677 is divided by 28.
25
What is the remainder when 1111 is divided by 155?
26
What is the remainder when 541121 is divided by 473?
9
Calculate the remainder when 26805 is divided by 705.
15
Calculate the remainder when 3388 is divided by 2974.
414
Calculate the remainder when 10177 is divided by 3387.
16
What is the remainder when 6682 is divided by 3264?
154
Calculate the remainder when 2882 is divided by 1429.
24
What is the remainder when 4691677 is divided by 472?
469
Calculate the remainder when 16304 is divided by 21.
8
Calculate the remainder when 2212 is divided by 178.
76
Calculate the remainder when 7197552 is divided by 923.
921
Calculate the remainder when 1406408 is divided by 11720.
8
What is the remainder when 282714 is divided by 26?
16
Calculate the remainder when 3941 is divided by 1949.
43
What is the remainder when 2128 is divided by 63?
49
Calculate the remainder when 96822 is divided by 56.
54
Calculate the remainder when 3453 is divided by 53.
8
Calculate the remainder when 20056 is divided by 3332.
64
Calculate the remainder when 417547 is divided by 41.
3
What is the remainder when 203499 is divided by 79?
74
Calculate the remainder when 641484 is divided by 24672.
12
What is the remainder when 56741 is divided by 82?
79
What is the remainder when 31286 is divided by 45?
11
What is the remainder when 98251 is divided by 32743?
22
Calculate the remainder when 4208 is divided by 1345.
173
Calculate the remainder when 5455 is divided by 1129.
939
What is the remainder when 757701 is divided by 21047?
9
Calculate the remainder when 96968 is divided by 12.
8
What is the remainder when 7836 is divided by 206?
8
What is the remainder when 441576 is divided by 13?
5
What is the remainder when 38125 is divided by 7616?
45
What is the remainder when 4917 is divided by 1106?
493
What is the remainder when 218864 is divided by 1765?
4
What is the remainder when 10512 is divided by 10465?
47
What is the remainder when 66325 is divided by 9?
4
Calculate the remainder when 5905 is divided by 504.
361
What is the remainder when 17900 is divided by 3?
2
What is the remainder when 247843 is divided by 101?
90
What is the remainder when 2370 is divided by 94?
20
What is the remainder when 11973 is divided by 92?
13
What is the remainder when 2918 is divided by 98?
76
What is the remainder when 102985 is divided by 34301?
82
Calculate the remainder when 12655 is divided by 4211.
22
Calculate the remainder when 231 is divided by 163.
68
What is the remainder when 4412 is divided by 16?
12
Calculate the remainder when 1306638 is divided by 4.
2
Calculate the remainder when 178963 is divided by 44723.
71
Calculate the remainder when 107696 is divided by 841.
48
Calculate the remainder when 44601 is divided by 29.
28
What is the remainder when 16948 is divided by 33?
19
Calculate the remainder when 21328 is divided by 21328.
0
What is the remainder when 2302 is divided by 29?
11
What is the remainder when 1342287 is divided by 29?
22
What is the remainder when 20150 is divided by 368?
278
Calculate the remainder when 80350 is divided by 108.
106
Calculate the remainder when 28105 is divided by 42.
7
What is the remainder when 106391 is divided by 421?
299
What is the remainder when 15636 is divided by 562?
462
Calculate the remainder when 233127 is divided by 114.
111
What is the remainder when 9548 is divided by 38?
10
What is the remainder when 3815 is divided by 14?
7
Calculate the remainder when 11422 is divided by 194.
170
Calculate the remainder when 20183 is divided by 4032.
23
Calculate the re